0, 34 = -3*v + o*r. Let u(t) = t**2 - t - 4. What are the prime factors of u(v)?
2
Let n = -16 - -18. Suppose -14 = -2*t + 5*l + 43, 0 = -3*t + n*l + 102. What are the prime factors of t?
2, 3
Suppose 0 = 3*l - 0 + 6. Let u be -2 - (-2 + 2 + l). Suppose u = -2*m + 56 - 20. What are the prime factors of m?
2, 3
Let t(w) = -w. Let v be t(-5). Suppose 185 = -0*r + v*r. Suppose -2*m - 2*i + 3 = -7, 5*m - i = r. What are the prime factors of m?
7
Let s(m) = -18*m + 4. Let o be s(2). Let v = 49 + o. What are the prime factors of v?
17
Suppose 32 = t + 5*j, t - 2 = 5*j - 0*j. List the prime factors of t.
17
Suppose -2*w + 2 = -2. Let r = 6 - w. What are the prime factors of r?
2
Let n(x) = -x**2 + 0*x - x - 1 - 4*x. Let u be n(-8). Let k = u - -43. What are the prime factors of k?
2, 3
Suppose -10 = 4*m + 22. Let o(z) = z**3 + 9*z**2 + 7*z - 1. Let l be o(m). Suppose -4*p - 12 = -l*p. List the prime factors of p.
2
Suppose 8*m = -9*m + 4845. List the prime factors of m.
3, 5, 19
Suppose 4*k - 6 = y, -2*k + y + 2 = -0*y. Suppose -4 = -3*a + k. What are the prime factors of 3*-7*a/(-6)?
7
Let k be ((-3)/6)/((-2)/44). Suppose -3*p - q = -5, 0 = 4*p + 4*q - 5 + 1. Suppose -p*y + k = -y. List the prime factors of y.
11
Let w = -22 + 22. Suppose 2*h - 5*s - 15 = w, h + 2*s - 3 = -0*h. What are the prime factors of h?
5
Suppose 2*y - 440 = -5*g, -y + 4*g + 247 = 40. List the prime factors of y.
5, 43
Suppose o + o - 4 = 0. Suppose m = -o*m + 12. Suppose -m*y - y = -40. List the prime factors of y.
2
Let p = 37 - 12. List the prime factors of p.
5
List the prime factors of (84/9 - 6)/((-4)/(-126)).
3, 5, 7
Let a be (-68)/14 + 2/(-14). Let u(q) = q**2 - 13. Let r be u(0). Let f = a - r. List the prime factors of f.
2
Suppose n = 5*n - 192. List the prime factors of n.
2, 3
Let q(x) = -5*x - 6. Let z(r) = r - 1. Let v(l) = q(l) - 2*z(l). List the prime factors of v(-3).
17
Suppose 0 = 2*d - 6, 0*d - 31 = -j - 2*d. List the prime factors of j.
5
List the prime factors of 350/20 - (-3)/(-6).
17
Let u(t) be the first derivative of t**3/3 + 5*t**2 - 15*t - 2. What are the prime factors of u(-13)?
2, 3
Let x = 161 + -32. List the prime factors of x.
3, 43
Suppose 46 = -3*p + 8*p + j, -19 = -2*p - j. Let i = p - 8. Let c = i + 13. List the prime factors of c.
2, 7
Suppose 23*b - 25*b = -496. List the prime factors of b.
2, 31
Suppose 10 = 3*o - 5. Suppose 425 = 5*k - o*d - 0*d, -5*d = -25. Suppose 2*c + 55 = 6*c - 5*m, -4*c - 2*m + k = 0. What are the prime factors of c?
2, 5
Let g(k) = 5*k + 1. Let q be g(1). Suppose 4*y - 2 = q. List the prime factors of y.
2
Let p(n) = -3*n + 9. List the prime factors of p(-5).
2, 3
List the prime factors of -7 - -5 - (816/(-3) - -1).
269
Suppose -48 = -w - 5*d, 4*w - 2*d - 97 = -3*d. What are the prime factors of w?
23
Let j = 4 - -8. What are the prime factors of j?
2, 3
What are the prime factors of 1016/30 - 20/(-150)?
2, 17
Suppose 3*p - 3 = 3. Suppose -8 = -2*v + p*h, h - 8 = -3*h. Suppose 0 = 4*m - v*m + 22. What are the prime factors of m?
11
List the prime factors of 117 + 0 - ((-1 - -6) + -7).
7, 17
Suppose -3*j = -5*g - 81, -2*g = 2*j - 51 + 13. Suppose -19*c = -18*c - j. What are the prime factors of c?
2, 11
Suppose -4*q = 3*q - 140. What are the prime factors of q?
2, 5
Suppose -4*l = 20 - 52. Suppose 2*n = 8 + l. What are the prime factors of n?
2
Suppose 355 = 3*d + 70. Suppose -35 + d = 2*s. List the prime factors of s.
2, 3, 5
Let n = -145 + 177. List the prime factors of n.
2
Suppose 1 = u - 2*x, 5*u = -x + 9 + 7. Suppose 0 = 3*h - 2*f - 18 - 0, -18 = -u*h - 5*f. What are the prime factors of h?
2, 3
Let f be 5*(2 + 2)*-1. Let z = 36 + f. List the prime factors of z.
2
Suppose -w + 3 = 2*w. Let k = 8 - w. Suppose 5*j - k = 3. What are the prime factors of j?
2
Suppose 0 = -3*o + 6*o - 12. Let z be (-1)/o - (-167)/(-4). List the prime factors of z/(-4) - 3/2.
3
Suppose -6*f + 58 = -2*f + 3*i, -f = i - 15. What are the prime factors of f?
13
Let q be 1 - -1 - 1*2. Suppose -2*f = s - 16, 2*s - 3*s + 3*f + 6 = q. List the prime factors of s.
2, 3
Let r be (1 - 19)*2/(-6). Let h be 2/((-1)/10*-4). Let z = h + r. List the prime factors of z.
11
Suppose 2*y - 3*f - 2 = 0, y = 2*y - f. Let d(c) = -34*c. Let u be d(y). Suppose 2*a = -3*t + 40, u = 6*t - t + 4*a. List the prime factors of t.
2, 3
Let j(w) = -w**3 + 2*w**2 + 3*w + 3. Let k be j(3). Suppose 5*z - k*h = 1 - 38, 0 = 5*z - 5*h + 45. Let u = -2 - z. List the prime factors of u.
3
Suppose 3*l = 5 + 4. Let t = 1 - 2. Let z = t + l. What are the prime factors of z?
2
List the prime factors of (63*2)/(27/18).
2, 3, 7
Let z(b) = b**3 + 4*b**2 + 3*b + 1. Let n be z(-3). Let y = n - -11. List the prime factors of y.
2, 3
Let z(r) = 2*r - 7. Let k be (-1 - -3 - 4) + 7. What are the prime factors of z(k)?
3
Suppose -11*g = -184 - 124. What are the prime factors of g?
2, 7
Suppose 9*a - 4*a = 10. Suppose -z - 23 = -a*z. What are the prime factors of z?
23
Let s = -38 - -22. Let i be 2/(-8) + (-340)/s. Suppose 2*b + 3 - i = 0. What are the prime factors of b?
3
Suppose 0 = -9*v + 7*v + 226. What are the prime factors of v?
113
Let k(i) = 9*i + 5. List the prime factors of k(4).
41
Suppose 2*m = d - 5, -5*d - 2*m + 3 = 14. What are the prime factors of 12 + 1*d/1?
11
Let j be (-3)/(9/12)*-1. Let i be (-194)/(-4) + 2/j. Let u = i + -34. What are the prime factors of u?
3, 5
Let q be 156/7 + (-8)/28. Let y = q + -1. What are the prime factors of y?
3, 7
Let d(a) = a**2 + 2*a + 6. Let f be d(-6). Suppose 0 = n - s - 6, 4*n - 9*n + f = -4*s. What are the prime factors of n?
2, 3
Suppose -3*p = p - 160. What are the prime factors of p?
2, 5
Let l = 1 - 2. Let q be 2 + -4*1/l. Let y = q - 4. What are the prime factors of y?
2
Suppose 0 = 4*k + 2*j - 1224, j - 4*j + 1222 = 4*k. What are the prime factors of k?
307
Suppose -3*t = t - 156. Suppose 1 = 4*b - t. Suppose -4*f + f = -4*h + 14, b = 5*f. List the prime factors of h.
5
Let a(t) = 2*t**2 + t + 1. Let i = 1 - 3. List the prime factors of a(i).
7
Suppose -90 = -5*q + 10. Let a = 15 + q. Let b = a - 23. What are the prime factors of b?
2, 3
Let v(d) = 2*d**2 - 1. Let r be v(-1). Let s = r - 2. List the prime factors of s/((4/2)/(-6)).
3
Let b(r) = 3*r - 2*r + 4*r**2 + 0*r**3 + r**3. Let d(o) = -o**2 - 4*o + 3. Let m be d(-5). What are the prime factors of b(m)?
2, 3
Let j = 241 + -88. What are the prime factors of j?
3, 17
Suppose 2*g + 1 = 5*x, 2*x = -6*g + 3*g + 46. Suppose -4*z - 4*v = -16, -3*z + 3*v = -0*z. Suppose -z*k + g = -k. List the prime factors of k.
2, 3
Let n(l) = 1. Let r(p) be the second derivative of p**3/2 - 5*p**2/2 - p. Let k(w) = 6*n(w) + 2*r(w). What are the prime factors of k(4)?
2, 5
Let g(r) = r**2 - 10*r + 4. Let z be (11/(-4))/(1/(-4)). List the prime factors of g(z).
3, 5
Let y be (-41)/(-4) + (-3)/12. Let x(q) = 2*q - 5. List the prime factors of x(y).
3, 5
Let f = 11 + 13. What are the prime factors of f?
2, 3
Let b(j) = j**2 - j + 1. Let v(m) = -8*m**2 + 3*m - 7. Let c(a) = -6*b(a) - v(a). List the prime factors of c(-3).
2, 5
Suppose 30 = 4*q + 2*l, -5*l = -2*q - 15 - 0. Suppose 0 = -5*p - 2*y + 6*y + 30, 0 = -5*p + q*y + 35. Suppose p*k = -2*k + 48. What are the prime factors of k?
2, 3
Let v(h) = -h - 7. Let b be v(-9). List the prime factors of b*20 - 10/5.
2, 19
Let s be 0 + (4 - 3) - -2. What are the prime factors of s*(-1 + 8/3)?
5
Suppose 0*k = -k + 92. What are the prime factors of k?
2, 23
Suppose -6*u - 155 = -m - u, -277 = -2*m - u. Suppose 3*w - m = -32. What are the prime factors of w?
2, 3
Let i = -12 - -40. What are the prime factors of i?
2, 7
Let t(q) be the third derivative of -q**5/60 + 7*q**4/12 - 13*q**3/6 + 5*q**2. What are the prime factors of t(10)?
3
Let v = 118 - -74. What are the prime factors of v?
2, 3
Suppose 0 = 5*g - 5, 2*j - 2*g + 11 = -j. What are the prime factors of 0/4 - (j + 1)?
2
Let u = 3 + 1. Suppose u*z = p + 3, -3*z + 5*p + 11 = 6*p. List the prime factors of z.
2
Suppose 0 = -3*x + 25 - 1. List the prime factors of x.
2
Let n be (12 - 6) + 1*-4. What are the prime factors of (70/(-20))/(n/(-12))?
3, 7
Let o(v) be the first derivative of v**3/3 - 4*v + 2. Let h be o(3). Suppose -3*l = 3*y - 42, -h*l + 0*y - y = -54. List the prime factors of l.
